{"id":74113,"date":"2023-07-17T19:37:38","date_gmt":"2023-07-17T19:37:38","guid":{"rendered":"https:\/\/academia-de-ingles-alex-bell.com\/?page_id=74113"},"modified":"2025-04-20T21:15:03","modified_gmt":"2025-04-20T21:15:03","slug":"matricula-cambridge-tenerife","status":"publish","type":"page","link":"https:\/\/academia-de-ingles-alex-bell.com\/?page_id=74113","title":{"rendered":"Cambridge KET, PET, FCE, CAE, CPE - Matr\u00edcula"},"content":{"rendered":"<div style=\"display: none;\"><\/div>\n<div style=\"display: none;\"><\/div>\n<div style=\"display: none;\"><\/div>\n<div style=\"display: none;\"><\/div>\n<div style=\"display: none;\"><\/div>\n<div style=\"display: none;\"><\/div>\n<div style=\"display: none;\"><\/div>\n<div style=\"display: none;\"><\/div>\n<div style=\"display: none;\"><\/div>\n","protected":false},"excerpt":{"rendered":"","protected":false},"author":1,"featured_media":74117,"parent":4686,"menu_order":0,"comment_status":"closed","ping_status":"closed","template":"","meta":{"_joinchat":[],"footnotes":""},"class_list":["post-74113","page","type-page","status-publish","has-post-thumbnail","hentry"],"yoast_head":"<!-- This site is optimized with the Yoast SEO plugin v27.4 - https:\/\/yoast.com\/product\/yoast-seo-wordpress\/ -->\n<title>Cambridge KET, PET, FCE, CAE, CPE - Matr\u00edcula - Inglessa<\/title>\n<meta name=\"description\" content=\"Matric\u00falate AQU\u00cd para hacer tu examen de Cambridge KET, PET, FCE, CAE, Linguaskill en Tenerife. Convocatorias todos los meses.\" \/>\n<meta name=\"robots\" content=\"index, follow, max-snippet:-1, max-image-preview:large, max-video-preview:-1\" \/>\n<link rel=\"canonical\" href=\"https:\/\/academia-de-ingles-alex-bell.com\/?page_id=74113\" \/>\n<meta property=\"og:locale\" content=\"es_ES\" \/>\n<meta property=\"og:type\" content=\"article\" \/>\n<meta property=\"og:title\" content=\"Cambridge KET, PET, FCE, CAE, CPE - Matr\u00edcula - Inglessa\" \/>\n<meta property=\"og:description\" content=\"Matric\u00falate AQU\u00cd para hacer tu examen de Cambridge KET, PET, FCE, CAE, Linguaskill en Tenerife. Convocatorias todos los meses.\" \/>\n<meta property=\"og:url\" content=\"https:\/\/academia-de-ingles-alex-bell.com\/?page_id=74113\" \/>\n<meta property=\"og:site_name\" content=\"Inglessa\" \/>\n<meta property=\"article:publisher\" content=\"https:\/\/www.facebook.com\/inglessatenerife\/\" \/>\n<meta property=\"article:modified_time\" content=\"2025-04-20T21:15:03+00:00\" \/>\n<meta property=\"og:image\" content=\"https:\/\/academia-de-ingles-alex-bell.com\/wp-content\/uploads\/2023\/07\/Cambridge-Matricula-PET-FCE-CAE-Linguaskill.png\" \/>\n\t<meta property=\"og:image:width\" content=\"1350\" \/>\n\t<meta property=\"og:image:height\" content=\"1350\" \/>\n\t<meta property=\"og:image:type\" content=\"image\/png\" \/>\n<meta name=\"twitter:card\" content=\"summary_large_image\" \/>\n<meta name=\"twitter:label1\" content=\"Tiempo de lectura\" \/>\n\t<meta name=\"twitter:data1\" content=\"5 minutos\" \/>\n<script type=\"application\/ld+json\" class=\"yoast-schema-graph\">{\"@context\":\"https:\\\/\\\/schema.org\",\"@graph\":[{\"@type\":\"WebPage\",\"@id\":\"https:\\\/\\\/academia-de-ingles-alex-bell.com\\\/?page_id=74113\",\"url\":\"https:\\\/\\\/academia-de-ingles-alex-bell.com\\\/?page_id=74113\",\"name\":\"Cambridge KET, PET, FCE, CAE, CPE - Matr\u00edcula - Inglessa\",\"isPartOf\":{\"@id\":\"https:\\\/\\\/academia-de-ingles-alex-bell.com\\\/#website\"},\"primaryImageOfPage\":{\"@id\":\"https:\\\/\\\/academia-de-ingles-alex-bell.com\\\/?page_id=74113#primaryimage\"},\"image\":{\"@id\":\"https:\\\/\\\/academia-de-ingles-alex-bell.com\\\/?page_id=74113#primaryimage\"},\"thumbnailUrl\":\"https:\\\/\\\/academia-de-ingles-alex-bell.com\\\/wp-content\\\/uploads\\\/2023\\\/07\\\/Cambridge-Matricula-PET-FCE-CAE-Linguaskill.png\",\"datePublished\":\"2023-07-17T19:37:38+00:00\",\"dateModified\":\"2025-04-20T21:15:03+00:00\",\"description\":\"Matric\u00falate AQU\u00cd para hacer tu examen de Cambridge KET, PET, FCE, CAE, Linguaskill en Tenerife. Convocatorias todos los meses.\",\"breadcrumb\":{\"@id\":\"https:\\\/\\\/academia-de-ingles-alex-bell.com\\\/?page_id=74113#breadcrumb\"},\"inLanguage\":\"es\",\"potentialAction\":[{\"@type\":\"ReadAction\",\"target\":[\"https:\\\/\\\/academia-de-ingles-alex-bell.com\\\/?page_id=74113\"]}]},{\"@type\":\"ImageObject\",\"inLanguage\":\"es\",\"@id\":\"https:\\\/\\\/academia-de-ingles-alex-bell.com\\\/?page_id=74113#primaryimage\",\"url\":\"https:\\\/\\\/academia-de-ingles-alex-bell.com\\\/wp-content\\\/uploads\\\/2023\\\/07\\\/Cambridge-Matricula-PET-FCE-CAE-Linguaskill.png\",\"contentUrl\":\"https:\\\/\\\/academia-de-ingles-alex-bell.com\\\/wp-content\\\/uploads\\\/2023\\\/07\\\/Cambridge-Matricula-PET-FCE-CAE-Linguaskill.png\",\"width\":1350,\"height\":1350,\"caption\":\"Cambridge - Matr\u00edcula PET, FCE, CAE, Linguaskill\"},{\"@type\":\"BreadcrumbList\",\"@id\":\"https:\\\/\\\/academia-de-ingles-alex-bell.com\\\/?page_id=74113#breadcrumb\",\"itemListElement\":[{\"@type\":\"ListItem\",\"position\":1,\"name\":\"Portada\",\"item\":\"https:\\\/\\\/academia-de-ingles-alex-bell.com\\\/\"},{\"@type\":\"ListItem\",\"position\":2,\"name\":\"Cambridge\",\"item\":\"https:\\\/\\\/academia-de-ingles-alex-bell.com\\\/?page_id=4686\"},{\"@type\":\"ListItem\",\"position\":3,\"name\":\"Cambridge KET, PET, FCE, CAE, CPE - Matr\u00edcula\"}]},{\"@type\":\"WebSite\",\"@id\":\"https:\\\/\\\/academia-de-ingles-alex-bell.com\\\/#website\",\"url\":\"https:\\\/\\\/academia-de-ingles-alex-bell.com\\\/\",\"name\":\"Inglessa\",\"description\":\"\",\"publisher\":{\"@id\":\"https:\\\/\\\/academia-de-ingles-alex-bell.com\\\/#organization\"},\"potentialAction\":[{\"@type\":\"SearchAction\",\"target\":{\"@type\":\"EntryPoint\",\"urlTemplate\":\"https:\\\/\\\/academia-de-ingles-alex-bell.com\\\/?s={search_term_string}\"},\"query-input\":{\"@type\":\"PropertyValueSpecification\",\"valueRequired\":true,\"valueName\":\"search_term_string\"}}],\"inLanguage\":\"es\"},{\"@type\":\"Organization\",\"@id\":\"https:\\\/\\\/academia-de-ingles-alex-bell.com\\\/#organization\",\"name\":\"Inglessa\",\"url\":\"https:\\\/\\\/academia-de-ingles-alex-bell.com\\\/\",\"logo\":{\"@type\":\"ImageObject\",\"inLanguage\":\"es\",\"@id\":\"https:\\\/\\\/academia-de-ingles-alex-bell.com\\\/#\\\/schema\\\/logo\\\/image\\\/\",\"url\":\"http:\\\/\\\/academia-de-ingles-alex-bell.com\\\/wp-content\\\/uploads\\\/2018\\\/08\\\/modelo-web-formato-oro3.png\",\"contentUrl\":\"http:\\\/\\\/academia-de-ingles-alex-bell.com\\\/wp-content\\\/uploads\\\/2018\\\/08\\\/modelo-web-formato-oro3.png\",\"width\":237,\"height\":64,\"caption\":\"Inglessa\"},\"image\":{\"@id\":\"https:\\\/\\\/academia-de-ingles-alex-bell.com\\\/#\\\/schema\\\/logo\\\/image\\\/\"},\"sameAs\":[\"https:\\\/\\\/www.facebook.com\\\/inglessatenerife\\\/\"]}]}<\/script>\n<!-- \/ Yoast SEO plugin. -->","yoast_head_json":{"title":"Cambridge KET, PET, FCE, CAE, CPE - Matr\u00edcula - Inglessa","description":"Matric\u00falate AQU\u00cd para hacer tu examen de Cambridge KET, PET, FCE, CAE, Linguaskill en Tenerife. Convocatorias todos los meses.","robots":{"index":"index","follow":"follow","max-snippet":"max-snippet:-1","max-image-preview":"max-image-preview:large","max-video-preview":"max-video-preview:-1"},"canonical":"https:\/\/academia-de-ingles-alex-bell.com\/?page_id=74113","og_locale":"es_ES","og_type":"article","og_title":"Cambridge KET, PET, FCE, CAE, CPE - Matr\u00edcula - Inglessa","og_description":"Matric\u00falate AQU\u00cd para hacer tu examen de Cambridge KET, PET, FCE, CAE, Linguaskill en Tenerife. Convocatorias todos los meses.","og_url":"https:\/\/academia-de-ingles-alex-bell.com\/?page_id=74113","og_site_name":"Inglessa","article_publisher":"https:\/\/www.facebook.com\/inglessatenerife\/","article_modified_time":"2025-04-20T21:15:03+00:00","og_image":[{"width":1350,"height":1350,"url":"https:\/\/academia-de-ingles-alex-bell.com\/wp-content\/uploads\/2023\/07\/Cambridge-Matricula-PET-FCE-CAE-Linguaskill.png","type":"image\/png"}],"twitter_card":"summary_large_image","twitter_misc":{"Tiempo de lectura":"5 minutos"},"schema":{"@context":"https:\/\/schema.org","@graph":[{"@type":"WebPage","@id":"https:\/\/academia-de-ingles-alex-bell.com\/?page_id=74113","url":"https:\/\/academia-de-ingles-alex-bell.com\/?page_id=74113","name":"Cambridge KET, PET, FCE, CAE, CPE - Matr\u00edcula - Inglessa","isPartOf":{"@id":"https:\/\/academia-de-ingles-alex-bell.com\/#website"},"primaryImageOfPage":{"@id":"https:\/\/academia-de-ingles-alex-bell.com\/?page_id=74113#primaryimage"},"image":{"@id":"https:\/\/academia-de-ingles-alex-bell.com\/?page_id=74113#primaryimage"},"thumbnailUrl":"https:\/\/academia-de-ingles-alex-bell.com\/wp-content\/uploads\/2023\/07\/Cambridge-Matricula-PET-FCE-CAE-Linguaskill.png","datePublished":"2023-07-17T19:37:38+00:00","dateModified":"2025-04-20T21:15:03+00:00","description":"Matric\u00falate AQU\u00cd para hacer tu examen de Cambridge KET, PET, FCE, CAE, Linguaskill en Tenerife. Convocatorias todos los meses.","breadcrumb":{"@id":"https:\/\/academia-de-ingles-alex-bell.com\/?page_id=74113#breadcrumb"},"inLanguage":"es","potentialAction":[{"@type":"ReadAction","target":["https:\/\/academia-de-ingles-alex-bell.com\/?page_id=74113"]}]},{"@type":"ImageObject","inLanguage":"es","@id":"https:\/\/academia-de-ingles-alex-bell.com\/?page_id=74113#primaryimage","url":"https:\/\/academia-de-ingles-alex-bell.com\/wp-content\/uploads\/2023\/07\/Cambridge-Matricula-PET-FCE-CAE-Linguaskill.png","contentUrl":"https:\/\/academia-de-ingles-alex-bell.com\/wp-content\/uploads\/2023\/07\/Cambridge-Matricula-PET-FCE-CAE-Linguaskill.png","width":1350,"height":1350,"caption":"Cambridge - Matr\u00edcula PET, FCE, CAE, Linguaskill"},{"@type":"BreadcrumbList","@id":"https:\/\/academia-de-ingles-alex-bell.com\/?page_id=74113#breadcrumb","itemListElement":[{"@type":"ListItem","position":1,"name":"Portada","item":"https:\/\/academia-de-ingles-alex-bell.com\/"},{"@type":"ListItem","position":2,"name":"Cambridge","item":"https:\/\/academia-de-ingles-alex-bell.com\/?page_id=4686"},{"@type":"ListItem","position":3,"name":"Cambridge KET, PET, FCE, CAE, CPE - Matr\u00edcula"}]},{"@type":"WebSite","@id":"https:\/\/academia-de-ingles-alex-bell.com\/#website","url":"https:\/\/academia-de-ingles-alex-bell.com\/","name":"Inglessa","description":"","publisher":{"@id":"https:\/\/academia-de-ingles-alex-bell.com\/#organization"},"potentialAction":[{"@type":"SearchAction","target":{"@type":"EntryPoint","urlTemplate":"https:\/\/academia-de-ingles-alex-bell.com\/?s={search_term_string}"},"query-input":{"@type":"PropertyValueSpecification","valueRequired":true,"valueName":"search_term_string"}}],"inLanguage":"es"},{"@type":"Organization","@id":"https:\/\/academia-de-ingles-alex-bell.com\/#organization","name":"Inglessa","url":"https:\/\/academia-de-ingles-alex-bell.com\/","logo":{"@type":"ImageObject","inLanguage":"es","@id":"https:\/\/academia-de-ingles-alex-bell.com\/#\/schema\/logo\/image\/","url":"http:\/\/academia-de-ingles-alex-bell.com\/wp-content\/uploads\/2018\/08\/modelo-web-formato-oro3.png","contentUrl":"http:\/\/academia-de-ingles-alex-bell.com\/wp-content\/uploads\/2018\/08\/modelo-web-formato-oro3.png","width":237,"height":64,"caption":"Inglessa"},"image":{"@id":"https:\/\/academia-de-ingles-alex-bell.com\/#\/schema\/logo\/image\/"},"sameAs":["https:\/\/www.facebook.com\/inglessatenerife\/"]}]}},"_links":{"self":[{"href":"https:\/\/academia-de-ingles-alex-bell.com\/index.php?rest_route=\/wp\/v2\/pages\/74113","targetHints":{"allow":["GET"]}}],"collection":[{"href":"https:\/\/academia-de-ingles-alex-bell.com\/index.php?rest_route=\/wp\/v2\/pages"}],"about":[{"href":"https:\/\/academia-de-ingles-alex-bell.com\/index.php?rest_route=\/wp\/v2\/types\/page"}],"author":[{"embeddable":true,"href":"https:\/\/academia-de-ingles-alex-bell.com\/index.php?rest_route=\/wp\/v2\/users\/1"}],"replies":[{"embeddable":true,"href":"https:\/\/academia-de-ingles-alex-bell.com\/index.php?rest_route=%2Fwp%2Fv2%2Fcomments&post=74113"}],"version-history":[{"count":3,"href":"https:\/\/academia-de-ingles-alex-bell.com\/index.php?rest_route=\/wp\/v2\/pages\/74113\/revisions"}],"predecessor-version":[{"id":74116,"href":"https:\/\/academia-de-ingles-alex-bell.com\/index.php?rest_route=\/wp\/v2\/pages\/74113\/revisions\/74116"}],"up":[{"embeddable":true,"href":"https:\/\/academia-de-ingles-alex-bell.com\/index.php?rest_route=\/wp\/v2\/pages\/4686"}],"wp:featuredmedia":[{"embeddable":true,"href":"https:\/\/academia-de-ingles-alex-bell.com\/index.php?rest_route=\/wp\/v2\/media\/74117"}],"wp:attachment":[{"href":"https:\/\/academia-de-ingles-alex-bell.com\/index.php?rest_route=%2Fwp%2Fv2%2Fmedia&parent=74113"}],"curies":[{"name":"wp","href":"https:\/\/api.w.org\/{rel}","templated":true}]}}